 = -u**2 - 8*u + 1. Let v(r) = -r**2 - 8*r + 1. Let q(w) = -5*v(w) + 6*x(w). Let t(g) = -2*h(g) - 5*q(g). Determine t(-6).
1
Let m be -3 + (2 - 0)*(10 - 11). Let n(l) = l**3 - l**2 - l + 7. Let x be n(0). Let v(w) = -8*w + w**3 - 4 - 2*w**3 - x*w**2 + 0*w**3. Determine v(m).
-14
Let j(b) = b**2 - b - 2*b + 4*b - 4. Suppose 9*d = 13*d + 204. Let g = -51 - d. Calculate j(g).
-4
Let k(m) = 6*m**3 + 2*m - 2. Let r be k(1). Suppose -r*v = -3*v + 9. Let n(j) = -j**2 - j + 4. What is n(v)?
-2
Let p be -11 + 2 - 3/3. Let w be 4 + (p + -1 - 0). Let t(u) = u**3 + 7*u**2 - u - 10. Calculate t(w).
-3
Let y(m) = 4 + 11 + 1 - 25 + 5 + m. Let u = 2 + -2. Give y(u).
-4
Let r(s) be the second derivative of -s**6/180 + s**5/15 - 17*s**4/12 - 9*s. Let g(o) be the third derivative of r(o). Give g(6).
-16
Suppose 1145 = 3*u + 1163. Let l(g) = g**3 + 5*g**2 - 6*g + 2. What is l(u)?
2
Let p(n) be the first derivative of n**4/4 + n**3 + n**2/2 - 2*n - 62. Let f = -12 - -9. Give p(f).
-5
Suppose 0 = 2*r + 2*c - 4, c + 3 = 4*c. Let o(s) = 3 + s**2 - 4 + 0 - r. Determine o(0).
-2
Let o be 84/45 + (-2)/(-15). Let u(f) = 0*f**o + 4 - 7*f**2 + 9*f**3 + f**2 - 8*f**3. Give u(6).
4
Let p be (-3)/((-2)/(-15) + (-2)/(-10)). Let j be ((162/12)/p)/(6/(-16)). Let m(q) = -q**2 + 5*q - 5. Give m(j).
-1
Let j(p) be the second derivative of p**4/12 + p**3/3 - 3*p**2/2 + 2*p + 2. Calculate j(-5).
12
Let b(p) = -p - 2. Let y(m) = 6*m + 20. Let v(o) = -10*b(o) - y(o). Determine v(3).
12
Suppose 0 = -x - 3 + 7. Let q be x - 0/2*(-1)/3. Let s(b) = -5*b + 2. Give s(q).
-18
Suppose 10 = -8*a + 6*a. Suppose 0 = 5*k + 4*o + 5, 12*k - 7*k - 30 = 3*o. Let y(l) = 1 - 6*l**2 + 0*l - l**3 - 3*l + 0*l**k - 4*l. Determine y(a).
11
Let s(y) = y**3 - 3*y + 1. Let j(n) = -62*n - 246. Let h be j(-4). Give s(h).
3
Let k(x) be the first derivative of -x**4/4 + 3*x**3 - 5*x**2 - 2*x + 482. Give k(8).
-18
Let l(h) be the second derivative of h**3 + h**2 - h. Let g be (90/42)/(1/7). Suppose 0 = -21*d + 16*d - g. Calculate l(d).
-16
Let f(q) = q**2 + q. Let k be 16/36*(-9)/(-2). Let a(b) = -b**2 + 3*b - 5. Let t be a(k). Let j(h) = -4*h. Let d(y) = t*f(y) - j(y). Determine d(-1).
-4
Let i(f) = -f**2 + 4*f. Let d(j) = -6*j**3 - 2*j**2 - 5*j - 5. Let y be d(-1). Calculate i(y).
0
Let m(w) be the third derivative of w**6/360 + w**5/60 + w**4/6 - w**3/2 + 27*w**2. Let s(x) be the first derivative of m(x). Calculate s(3).
19
Let i(h) be the third derivative of -h**4/24 - 3*h**3/2 - 788*h**2. Calculate i(4).
-13
Let l(k) = 35*k**3 - 8*k**2 + 20*k - 40. Let c(o) = 12*o**3 - 3*o**2 + 7*o - 14. Let x(w) = 17*c(w) - 6*l(w). What is x(-2)?
40
Let a(d) = -2*d + 5. Suppose 2248*p - 2253*p = -40. Give a(p).
-11
Let w = 2 - -1. Suppose o - w*o = 14. Let s(i) = 0 + 6 + i - 2. Determine s(o).
-3
Suppose 0 = -a + 2*a + 40. Let p be 30/a*8/(-3). Suppose p*v = -v. Let l(g) = g**2 - g - 10. What is l(v)?
-10
Let z(t) = -35*t - 28. Let k(o) = 12*o + 10. Let s(g) = -17*k(g) - 6*z(g). What is s(4)?
22
Let x(m) = -3*m**2 - m + 2. Suppose 0 = -74*y + 45 - 193. Give x(y).
-8
Let f(a) = 2*a**2 + 2*a - 4. Let k(p) = -15*p + 26. Let c be k(2). Give f(c).
20
Let f(j) = 2*j + 5 - 11*j + 2*j - j**3 + j + 7*j**2. Let n be f(6). Let l(r) = r**3 - 5*r**2 + 2. Determine l(n).
2
Let l(z) = -7*z**2 + 12*z + 9. Let s(t) = 31*t**2 - 47*t - 37. Let c(k) = 9*l(k) + 2*s(k). What is c(12)?
31
Let s(z) = 40 - 9*z**2 - 85 + 40 - 9*z + z**3. Calculate s(10).
5
Let c(n) = -2*n**2 + 4*n - 6. Let k(m) = -m**2 + 138*m - 788. Let s be k(6). Give c(s).
-22
Let l(n) = -n**3 + 5*n**2 + 16*n - 20. Let m(p) = p**3 + 4*p**2 - p + 7. Let y be m(0). Determine l(y).
-6
Let p(d) be the second derivative of -d**4/12 + d**3/3 - d**2/2 - d. Suppose -11*x = -10*x - 2. Let y be 4*(-1 - -4 - x). Determine p(y).
-9
Let k(b) = -b**2 + 5*b - 5. Let i be (12 - 13) + 3 + 2. What is k(i)?
-1
Let q(j) = 100282*j**3 - 8*j**2 + 0*j + 6*j + 5*j - 8 - 5*j - 100283*j**3. What is q(-9)?
19
Let p = 36 + -37. Let s be p/((-16)/4 - -3). Let z(g) = -16*g**3 + g**2 - g. Give z(s).
-16
Let z(t) = -7*t + 3. Let o(b) = 36*b - 15. Let x(l) = -2*o(l) - 11*z(l). Suppose -2*j + 4*j = 2. Let y be (15/(-9))/5*-6 + j. Give x(y).
12
Let y be (-6 - -10)/((-4)/(-10)). Let n(m) = m**2 - 7*m - 9. Let p(t) = -t**2 + 6*t + 8. Let x(h) = -3*n(h) - 2*p(h). What is x(y)?
1
Let s(m) be the first derivative of 3*m**3 + 1/4*m**4 - 9*m + 3*m**2 - 2. Suppose -v + 265 = 273. What is s(v)?
7
Let f(x) = -2*x + 3. Let t(c) = 9*c - 7. Let m(q) = -5*f(q) - 2*t(q). Let u(z) = z**2 - 7*z + 8. Let n be u(6). Calculate m(n).
-17
Suppose 33 = 3*o - 24. Suppose k + o = -4*z, -4*k + 3*z + 15 = -5*k. Let n(l) = 1 - 3*l**3 - l**3 - 3*l**2 + 3*l**3 + 2*l. Give n(k).
-5
Suppose 5*f - 16 = -0*d + 3*d, -5*d + 5 = -2*f. Let t(j) = j**3 + 4*j - 1 + 0*j**3 + 2*j**d + 4*j**2 - 2*j**3. What is t(-3)?
-4
Let l(a) = -14 - 3*a - 2*a + 0*a + 8*a. Let s(i) = -5*i + 26. Let y(x) = 7*l(x) + 4*s(x). Calculate y(0).
6
Let t(b) be the third derivative of -b**6/720 - b**5/120 + 5*b**4/12 - 15*b**2. Let m(z) be the second derivative of t(z). What is m(0)?
-1
Let o(a) = -a**3 - 4*a**2 + 5*a + 7. Let l be o(-5). Let r(j) = -6*j**2 - j**3 + 2*j - 4*j + 0*j + 0 + 13*j**2 + 3. Determine r(l).
-11
Let s(o) = 2*o**3 - 13*o**2 - o - 3. Let n(h) = h**3 - 4*h**2 + h - 1. Let l(w) = 3*n(w) - s(w). Give l(-3).
-30
Let u be (1 + 2/(-4))*-2. Let s be ((-8)/6)/(u/(-6)). Let q be -2 - -4*6/s. Let n(z) = -z**2 - 3*z + 4. Give n(q).
-6
Let b(l) = 6 + 0*l - l - l. Suppose 112 = 84*q + 19*q - 300. Determine b(q).
-2
Let a(c) = c**3 + 7*c**2 + 5. Let i(x) = -10*x + 23. Let u be i(3). Calculate a(u).
5
Let w(g) = -g**2 + 3*g - 2. Suppose 32*y = 5*y. What is w(y)?
-2
Let r(p) = p - 19. Let l(g) = 9. Let b(u) = 5*l(u) + 2*r(u). Determine b(-6).
-5
Suppose -t - 2*h - 22 = 3*h, 3*t - 2*h - 2 = 0. Let z(q) = -26*q - 4. What is z(t)?
48
Suppose 5*a - 50 = -5*v, 5*a = 13*v - 12*v + 68. Let m(t) = -t**2 + 11*t + 5. What is m(a)?
-21
Let z(i) = -186 - 4*i - i + 185 + 4*i + 0*i. Determine z(5).
-6
Let i(j) be the first derivative of j**6/120 + j**5/30 - j**4/6 - j**3/3 - j**2 + 5. Let q(r) be the second derivative of i(r). Suppose g + 1 = -2. Give q(g).
1
Suppose 4*n - 8*n + 24 = 0. Suppose 0 = 3*m + h + n, h - 4 = m + m. Let d(p) = -2*p**2 + 2*p + 2. Calculate d(m).
-10
Let n(d) be the first derivative of d**3/3 - 3*d**2 - 5*d - 9. Suppose 0 = 2*a - 2*v + 2, v - 1 = -3*a - 4. Let c be a/1*-6*1. Calculate n(c).
-5
Let u(y) be the second derivative of 0*y**2 - 1/3*y**3 + 0 - 1/3*y**4 - 1/10*y**5 + 43*y. What is u(-2)?
4
Let y be (-3 - -3)*1/(-1). Let m be y - -1 - (8 - 0). Let k(b) = b**3 + 7*b**2 + 2*b + 7. Give k(m).
-7
Let w(u) = 4*u**2 - 7*u. Let l(x) = -x**2 + 2*x. Let z(y) = 10*l(y) + 3*w(y). Let p = -3 + 1. Give z(p).
10
Let u(h) = -5*h**2 - 10*h + 13. Let l(f) = -7*f**2 - 12*f + 16. Let k(w) = -2*l(w) + 3*u(w). Give k(-9).
-20
Let q = -4 + -1. Let d(o) = -20*o**2 - o - 12. Let n(x) = -23*x**2 - 14. Let p(s) = 7*d(s) - 6*n(s). What is p(q)?
-15
Suppose -12*r - 25 = -37. Let h(g) be the third derivative of 7*g**5/30 + g**4/24 - g**3/6 - g**2. Give h(r).
14
Let s(b) = -14*b**3 - 18*b**2 - 5*b + 14. Let l(y) = 16*y**3 + 20*y**2 + 7*y - 15. Let d(m) = -6*l(m) - 7*s(m). Determine d(-4).
-12
Let t(z) = z + 6. Let p(o) = -o**3 - 11*o**2 + 2*o + 15. Let m be p(-11). Let q be t(m). Let i(b) = 4*b + 2*b**3 - 4*b. Calculate i(q).
-2
Let o(h) = -h**3 - 12*h**2 - 10*h + 10. Let d be 50/(-4) + 45/30. Determine o(d).
-1
Let n(c) = 0 - c + 3 - 2 + 6*c. Determine n(-2).
-9
Let i be -5 + (4 - (0 - -2)). Let y(n) be the first derivative of n**2 + 3*n - 188. Determine y(i).
-3
Let k be (-9 - -5)*3/(12/5). Let j(a) = a**2 + 6*a - 7. Determine j(k).
-12
Let s be 2*2*(-6)/8 + 5. Let u(l) = -3*l**3 + 2*l**2 + l + 3. Let q(w) = 4*w**3 - 3*w**2 - w - 5. Let a(b) = s*q(b) + 3*u(b). Determine a(-2).
5
Let z = 3 - 4. Let u(c) = -1 + 2*c - 3*c + 7*c + 4*c. Give u(z).
-11
Let z(t) = -13*t**3 + 23*t**2 + 11*t + 1. Let b be 4/1 - (-14 - -7). Let l(s) = 7*s**3 - 12*s**2 - 6*s. Let f(u) = b*l(u) + 6*z(u). Determine f(6).
6
Suppose 3*j - 5*v = -2*j - 20, j - 5*v + 16 = 0. Let z be j + ((-8)/(-2))/4. Let k(f) = -f - 1. Determine k(z).
-1
Let k(n) be the third derivative of n**5/60 - 7*n**4/24 - 5*n**3/3 + 6*n**